{"id":68,"date":"2015-12-01T10:10:53","date_gmt":"2015-12-01T09:10:53","guid":{"rendered":"http:\/\/worldclassgym.wpengine.com\/norrkoping-pronova\/?page_id=68"},"modified":"2018-07-16T12:59:51","modified_gmt":"2018-07-16T10:59:51","slug":"kontakt-oppettider","status":"publish","type":"page","link":"https:\/\/worldclass.se\/norrkoping\/kontakt-oppettider\/","title":{"rendered":"Kontakt &amp; \u00d6ppettider"},"content":{"rendered":"<h2>World Class Pronova<\/h2>\n<p>S:t Persgatan 19<br \/>\n601 86 Norrk\u00f6ping<br \/>\nTel: 011-13 55 23<br \/>\nE-mail:\u00a0<a href=\"mailto:norrkoping@worldclass.se\">norrkoping@worldclass.se<\/a><\/p>\n<h2>\u00d6ppettider &#8211; Pronova<\/h2>\n<p>M\u00e5ndag-torsdag 06:30-22:00<br \/>\nFredag 06:30-20:00<br \/>\nL\u00f6rdag 09:00-17:00<br \/>\nS\u00f6ndag 10:00-20:00<\/p>\n<h2>World Class City<\/h2>\n<p>Drottninggatan 41<br \/>\n602 32 Norrk\u00f6ping<br \/>\nTel: 011-13 55 26<br \/>\nE-mail:\u00a0<a href=\"mailto:norrkopingcity@worldclass.se\">norrkopingcity@worldclass.se<\/a><\/p>\n<h2>\u00d6ppettider &#8211; City<\/h2>\n<p>M\u00e5ndag-torsdag 06:00-21:00<br \/>\nFredag 06:00-20:00<br \/>\nL\u00f6rdag 08:00-17:00<br \/>\nS\u00f6ndag 09:00-18:00<\/p>\n","protected":false},"excerpt":{"rendered":"<p>World Class Pronova S:t Persgatan 19 601 86 Norrk\u00f6ping Tel: 011-13 55 23 E-mail:\u00a0norrkoping@worldclass.se \u00d6ppettider &#8211; Pronova M\u00e5ndag-torsdag 06:30-22:00 Fredag 06:30-20:00 L\u00f6rdag 09:00-17:00 S\u00f6ndag 10:00-20:00 World Class City Drottninggatan 41 602 32 Norrk\u00f6ping Tel: 011-13 55 26 E-mail:\u00a0norrkopingcity@worldclass.se \u00d6ppettider &#8211; City M\u00e5ndag-torsdag 06:00-21:00 Fredag 06:00-20:00 L\u00f6rdag 08:00-17:00 S\u00f6ndag 09:00-18:00<\/p>\n","protected":false},"author":1,"featured_media":0,"parent":0,"menu_order":0,"comment_status":"closed","ping_status":"closed","template":"page-undersidaklubbar.php","meta":[],"_links":{"self":[{"href":"https:\/\/worldclass.se\/norrkoping\/wp-json\/wp\/v2\/pages\/68"}],"collection":[{"href":"https:\/\/worldclass.se\/norrkoping\/wp-json\/wp\/v2\/pages"}],"about":[{"href":"https:\/\/worldclass.se\/norrkoping\/wp-json\/wp\/v2\/types\/page"}],"author":[{"embeddable":true,"href":"https:\/\/worldclass.se\/norrkoping\/wp-json\/wp\/v2\/users\/1"}],"replies":[{"embeddable":true,"href":"https:\/\/worldclass.se\/norrkoping\/wp-json\/wp\/v2\/comments?post=68"}],"version-history":[{"count":0,"href":"https:\/\/worldclass.se\/norrkoping\/wp-json\/wp\/v2\/pages\/68\/revisions"}],"wp:attachment":[{"href":"https:\/\/worldclass.se\/norrkoping\/wp-json\/wp\/v2\/media?parent=68"}],"curies":[{"name":"wp","href":"https:\/\/api.w.org\/{rel}","templated":true}]}}